32) + (-47 - 1) + -1
-42
What is (1 - 63) + 38 + 159 + -208?
-73
Evaluate (-108 - 14) + (-247 - -330).
-39
Calculate 1 - (29 - (99 - -21 - -16)).
108
What is the value of ((0 - 2) + -2 + 13 - (-104 + 144)) + 3?
-28
55 - (24 - (-4 - ((0 - 13) + 3) - -7))
44
What is 217 + -133 + -101 + (-4 - 0)?
-21
Calculate -8 - 0 - (-3 + 1) - (-29 - -61).
-38
What is the value of 25 + -58 + 103 - 61?
9
(3 + (25 - 17) - -46) + -12
45
(-164 - (-6 - 157)) + -41
-42
Calculate 53 - 9 - 12 - (154 - 76).
-46
-25 - (-6 - (-11 - (-5 + 8))) - 14
-47
-127 + (25 - (-28 - -10)) + (22 - 1)
-63
7 - (-3 - 2 - 2 - (28 - 48))
-6
What is the value of (27 - 143 - 2) + 21?
-97
What is -14 - (7 + 5 - -3) - 6?
-35
Calculate 79 + (36 + (-19 - -36) - 14).
118
What is (97 - 84) + (4 - -6) - 17?
6
What is the value of (-36 - (-59 - -52)) + (-2 - 2)?
-33
23 + -1 - (-276 + 278)
20
What is the value of (7 - 1) + (3 - 3 - -9) + -38 + -28?
-51
Calculate 122 - (52 + 93) - (-28 - 1).
6
Calculate (-93 - 2) + (38 - (-28 + 45) - 23).
-97
Calculate -10 + -12 - -4 - -34 - -19.
35
What is (53 - (16 + 10)) + 48?
75
Evaluate (-367 - -75 - -287) + (122 - 1) + 0.
116
Calculate 0 - 2 - 17 - (-57 - -21 - -26) - -42.
33
Calculate -22 + 31 + -25 + (3 - -8).
-5
-10 + -6 + (29 - (57 - 9))
-35
What is (51 - (52 - -19)) + -1 + 15?
-6
Evaluate (-46 - -1 - 2) + (-95 - -114) + -31.
-59
Calculate (125 - 0) + 48 + -29 + -20.
124
-7 - (12 - (15 - (-13 - -40)))
-31
What is the value of 74 + (24 - 1 - (96 + (-26 - 69)))?
96
Evaluate -10 + -36 + (-14 - -4) + -7.
-63
Calculate (-23 + 15 - -3) + (2 - -7) - -1.
5
What is 1 - (13 + -22 + 9 + (-5 - 1) - 40)?
47
-37 - (45 + -14 - 44 - -43)
-67
Calculate 24 + (-10 - (10 - -11)) - -6.
-1
Calculate 2 + (14 - -18) - -7 - 10 - -14.
45
Evaluate -1665 - -1825 - (86 - -1).
73
(24 - 19) + (-18 - 4) + 62
45
Evaluate (34 - -1) + (102 - 164).
-27
Evaluate -107 - (-68 - -142 - 147).
-34
What is -75 + -1 + (15129 - 15026)?
27
(373 - 347) + (-5 - 1)
20
What is the value of -2 + (-44 - -77) + 55?
86
Evaluate 28 + (-14 + -11 + 31 - 3) + 0.
31
-238 + 225 + (-14 - 10)
-37
What is the value of -1 + 33 - (23 - (7 - -13))?
29
7 + 23 + -6 + 1 + -35 + 150 + -1
139
Evaluate 0 + 30 - (-13 - (-15 + -10 - -24)).
42
What is 43 - (-33 + (-30 - -22) + -25)?
109
Calculate 21 + 17 + (-6 - -3) + -1 + -2 + -3.
29
10 + ((71 + -84 - (2 + -6)) + 81 - 8)
74
16 + (-16 - (-11 + (-11 - -6)))
16
Evaluate -8 + (9 + -41 - 8) - -1.
-47
Calculate 23 - 30 - (-10 - -6) - -1.
-2
-79 + (-106 - -131) + 52
-2
What is the value of (-29 - (-1 + 2)) + 66 + 95 + -172?
-41
Calculate 15 + 8 + 27 - 32.
18
-93 - (-64 - 87) - ((0 - -4) + -1 + -9)
64
What is the value of 2 + (77 - 78) - ((-1 - -3) + -29)?
28
Evaluate (5 + -13 + 31 - (12 + 4)) + 71.
78
6 + (-228 + 311 - (21 + 1)) + 0 + 9
76
-298 + 287 - (7 - 74)
56
-14 + 1 - (-30 - 7 - -35) - -51
40
Calculate -44 - (14 + -134 - -41).
35
What is -16 - -46 - (14 + (-12 - -19)) - (-2 - -14)?
-3
What is 22 + -29 + 20 - (-9 - -8 - 49)?
63
-9 + (15 + -15 + (1 - -6) - -2)
0
What is (9 - 17) + 25 + (9 - ((9 - 5) + 13))?
9
Calculate -15 - (16 + -12 + -63 + (29 - 35)).
50
Calculate -13 - (-19 - -81 - 63).
-12
What is the value of -45 - (-270 + 131 - -78)?
16
What is the value of -25 + (36 - 23 - (-15 + -10))?
13
What is the value of 817 + -916 + (-4 - -7)?
-96
Evaluate -4 - (0 + 0) - ((121 - 131) + -6).
12
What is (-1 - (2 + (-10 - (8 - 24)))) + -1?
-10
52 - ((9 - 42 - -13) + -12 + 8 - -10)
66
Calculate 60 + -49 - (117 - (2 - 0)).
-104
Calculate (1 - -34) + (11 + 8 - (-3 + 3) - 19).
35
Evaluate -34 + 51 - (-24 + 37) - (-10 + 63).
-49
Evaluate 2 + -26 + -47 - (-4 + 4) - -12.
-59
What is the value of (-33 - (54 - 115)) + 2 + 2 + -3 + 10?
39
Evaluate 34 - (46 + -3 + -65 + 12 + 0).
44
Calculate (-77 - -72) + (-5 - -1) + (16 - 8 - -112).
111
(45 - 8) + 5 - (-55 + 71)
26
-69 + (5 - -21) - -23
-20
What is 42 + (-2 - 12) - (8 + -3 - (-3 - -7))?
27
What is (-5 + 0 - 8) + -4 - (-100 + -23)?
106
What is the value of 37 + (19 + 6 - 78 - 14)?
-30
Calculate -5 + 51 + 6 - (105 - 129).
76
What is the value of 2 - 44 - ((165 - -11) + -152)?
-66
-16 + -13 + 18 + -27 + -18 + 34
-22
What is 41 - (-58 + 29 + 115)?
-45
Evaluate 36 - (-4 + -8 - -21 - -2 - 15).
40
Calculate 3 + -9 - (83 - 75).
-14
Evaluate (68 + 34 - 65) + 8.
45
What is (-5 - (-8 - (-5 + (-31 - -13)))) + -76?
-96
What is the value of (-59 - -36) + 127 - (-16 + -18)?
138
Calculate -3 + 22 + -34 - (3 + -43).
25
What is 18 + 0 - (79 + -84) - 21?
2
Evaluate 0 + 4 + (-14 - (-32 + 24 + 31)).
-33
Calculate -17 - -1 - ((16 + -28 - 24) + -52).
72
Evaluate -110 - -111 - (-4 + (11 - -2)).
-8
What is -71 + (13 - ((7 - 2) + -16 + 16))?
-63
What is the value of 5 + 18 + -80 + 16 + 19?
-22
What is the value of -142 + (117 - (-2 + 75))?
-98
What is the value of (4 + (5 - 5) - (187 - 151)) + -15?
-47
What is -87 + (-6 - 0 - (-94 + 78 + -2))?
-75
(63 - 3) + 759 + -820
-1
(1 - 6) + 2 - ((-6 - -20) + -17)
0
What is the value of -10 + (-4 - (24 - (36 - -16 - 23)))?
-9
What is -2 + (5 - (-11 - -21) - (13 - 23 - 44))?
47
-42 + (54 - (51 + -79))
40
Evaluate (-84 - (44 + -141)) + 0 + 15.
28
Calculate 13 + 116 + (-140 - -115).
104
-21 - ((1 - -25) + -10) - (2 + 10)
-49
Calculate (23 - 73) + 86 + 12 + -1.
47
What is 16 + -48 + 26 + (1 - -25) + -5 + 9?
24
Evaluate 23 + (16 - 34) + 8 - (-2 - 34).
49
Calculate 183 - 185 - (-15 + (-1 - -3)) - -7.
18
0 + 0 + 10 + 26 + (91 - (52 - 7))
82
Calculate -20 - (-119 + 121 + (-58 - -2)).
34
What is the value of -99 - -113 - (54 + -120 + -1 + -6 - 3)?
90
Calculate (-76 - -8) + -11 - -128.
49
Calculate 13 + -113 - (-394 - -341).
-47
Calculate 18 - (2 - ((102 - 19) + -4)).
95
-10 + 24 + -1 + (-68 - -62)
7
What is the value of -77 + -24 + -10 + 94?
-17
-11 - ((-2 - (15 + -11)) + -12 - -56)
-49
What is the value of 865 + -929 + 102 + -3?
35
Evaluate (15 - 2 - (42 + -11)) + 45.
27
What is the value of 525 - 430 - (-9 - -162)?
-58
Evaluate -21 + (21 - (8 + -181 + 30)).
143
What is the value of 40 - -1 - (-1052 + 1061)?
32
Evaluate 9 + (-9 + -3 - (11 - (26 - -1))).
13
Evaluate (-27 + 32 - (-28 - 13)) + (0 - 17).
29
Evaluate 13 + -2 - (-202 - -206).
7
What is the value of (33 - 12) + -15 + 6 + -14 - 11?
-13
What is -1 + (-10 - -9) + 15 + (-49 - 35)?
-71
29 - (9 + 19 + -31 + 56)
-24
Calculate 3132 + -3236 - (-15 + -3).
-86
What is the value of (-206 - -116) + 78 + 7?
-5
What is the value of -32 - ((290 - 143) + -221)?
42
What is (-63 - -40) + (0 - -4 - -5) + 33?
19
What is the value of -60 - -12 - (-82 - -35)?
-1
Calculate -9 - (6 - (0 + -10 + 4) - 24).
3
What is the value of 21 + -42 + 13 + -4 - (9 - 2)?
-19
Calculate 13 + -2 - (-4 - (-30 - -13) - -34).
-36
Calculate -84 + 229 + -84 + -83.
-22
What is -20 + 127 + 30 + -118?
19
Calculate (-4018 - -4093) + (2 - -28).
105
Evaluate (0 - -107) + (30 + -12 - (21 + -42 + 38)).
108
What is (0 - (-7 + 4 + -2)) + 20 + -58 + 9?
-24
Calculate (21 - (124 + (32 - 3))) + (13 - 3 - 2).
-124
(-11 - 9) + (-5 - (-5 + 1)) + 10 + -1
-12
Calculate (21 - (-10 - ((-2 - -2) + 44 + -65))) + -9.
1
-19 - (-79 - (-24 + 15 + -12))
39
What is the value of (-5 - ((-3 - 7) + 16 + -64)) + 30 + -22?
61
What is the value of -8 - -80 - (16 + 5 + -23)?
74
(0 - 2) + 0 - 2 - (-79 - (29 - 77))
27
What is -23372 + 23328 - (1 - -70)?
-115
Calculate -53 + (-17 - -1 - (584 - 635)).
-18
Evaluate -35 - (14 - 8 - ((-2 - -1) + 18)).
-24
4 + -3 - (175 + -169 - (7 - 3))
-1
What is -81 + 1 - 1 - (56 - (3 + 54 + -7))?
-87
Calculate 316 + -419 - (-202 + -2).
101
What is the value of -191 + 203 + 13 + 28 + 0?
53
Evaluate (-44 - -48) + 3 + (4 - 0).
11
What is 3 + (21 - -20) + (24 - 7)?
61
What is the value of 2 + -1 - ((-2 - 0) + (324 - 269))?
-52
Calculate -29 + 46 + (-6 - -32 - -1).
44
Calculate -3 + 16 + (-2 - 1) + -111 + -16 + 3.
-114
What is the value of (-1301 - -1330) + -1 + 21?
49
What is -22 + 0 + 1 + (-739 - -733)?
-27
What is (-6 + 2 + (-2 - -9) + -7 - 56) + -6?
-66
What is 25 + (5 - (-5 + 50)) - 11?
-26
What is the value of (-23 + 2 - (-51 - -37)) + 7 + 60?
60
What is 57 + (-31 - 5) + (-6 - 5)?
10
What is (-10 + 1 - -14 - 4) + -3 + -1 + -99?
-102
0 + -9 - (663 - 643) - -42 - (43 + 0)
-30
Evaluate 16 + 130 + -129 + (-10 - 8).
-1
20 + (-69 - 44) + (2 - -36)
-55
Evaluate 8 + -12 - 1 - (1 - 10 - (11 - 10)).
5
What is the value of 1048 + -1003 - 